bab (base 13) to base 11.
54303
What is -1ac80 (base 14) in base 15?
-1539a
-368a (base 12) to base 3
-22102221
What is -1512 (base 16) in base 2?
-1010100010010
What is 7332 (base 9) in base 13?
25a6
Convert -2241 (base 5) to base 2.
-101000001
Convert -7682 (base 12) to base 13.
-5c36
Convert 114505 (base 8) to base 5.
2223422
Convert -31969 (base 11) to base 16.
-b552
What is -1c9 (base 13) in base 12?
-23a
Convert -1022120 (base 3) to base 4.
-33000
What is -4244 (base 6) in base 8?
-1704
What is -110 (base 8) in base 4?
-1020
What is 2033110 (base 4) in base 11?
6989
Convert -313 (base 16) to base 9.
-1064
Convert 5633 (base 10) to base 5.
140013
Convert -aab (base 16) to base 9.
-3664
-709a (base 12) to base 16
-2fb6
2433123 (base 5) to base 3
2100011010
1061 (base 8) to base 13
342
What is -1125 (base 7) in base 16?
-19b
What is -600 (base 9) in base 14?
-26a
Convert 2130333 (base 5) to base 14.
d35d
What is -12301 (base 4) in base 7?
-1156
Convert -11d9 (base 15) to base 9.
-5186
1482 (base 10) to base 7
4215
-671 (base 8) to base 10
-441
What is 157721 (base 8) in base 15?
11e9c
Convert 100220202 (base 3) to base 8.
16075
What is 8537 (base 11) in base 4?
2300131
What is 5a51 (base 13) in base 12?
7459
2120211 (base 3) to base 9
2524
-8a14 (base 14) to base 5
-1231210
What is 20111000 (base 3) in base 4?
1021311
1651 (base 16) to base 13
27a6
741 (base 12) to base 16
421
Convert 10552 (base 6) to base 11.
1151
Convert 11212231 (base 4) to base 10.
22957
Convert 4114 (base 14) to base 13.
512a
74 (base 15) to base 5
414
What is 1103 (base 8) in base 11?
487
-2339 (base 14) to base 3
-22101221
Convert -256c (base 13) to base 11.
-4005
Convert 3130022 (base 4) to base 8.
33412
-e7 (base 15) to base 9
-261
423143 (base 6) to base 9
52170
Convert 221101022 (base 3) to base 2.
100100001000111
1423 (base 8) to base 6
3351
Convert -203400 (base 5) to base 9.
-10202
-15b9b (base 14) to base 8
-152235
220301 (base 4) to base 9
3518
2874 (base 12) to base 11
358a
70802 (base 9) to base 10
46577
Convert -1000001100 (base 2) to base 5.
-4044
What is 463 (base 9) in base 6?
1433
-252b (base 13) to base 8
-12234
Convert 115420 (base 7) to base 12.
10291
Convert 1303301 (base 4) to base 8.
16361
347 (base 8) to base 12
173
What is 4614 (base 8) in base 13?
1160
823 (base 10) to base 4
30313
-16634 (base 7) to base 15
-1638
Convert 2dea (base 15) to base 6.
113451
14430 (base 6) to base 7
6525
Convert 781a (base 12) to base 9.
20174
What is 47d (base 15) in base 8?
1772
Convert -56615 (base 9) to base 11.
-26344
a88 (base 11) to base 6
10014
What is 49e (base 15) in base 2?
10000011001
Convert -41555 (base 6) to base 16.
-15ef
9249 (base 12) to base 2
11111000011001
Convert 9143 (base 13) to base 6.
232325
Convert 33c7 (base 13) to base 15.
2241
Convert -742 (base 9) to base 10.
-605
What is a0b5 (base 14) in base 3?
1101212012
Convert 1022202 (base 3) to base 14.
4cd
What is 211 (base 9) in base 2?
10101100
Convert -330151 (base 7) to base 2.
-1110000101101101
Convert -16601 (base 8) to base 4.
-1312001
Convert 221101 (base 3) to base 13.
409
322 (base 15) to base 2
1011000011
-8b3 (base 15) to base 5
-30333
243 (base 6) to base 10
99
What is 100110000000 (base 2) in base 12?
14a8
752 (base 15) to base 11
1272
What is -342 (base 9) in base 6?
-1145
What is 4713 (base 8) in base 3?
10102212
23a9 (base 14) to base 12
3729
Convert -1331 (base 7) to base 10.
-512
Convert 10161 (base 9) to base 13.
3082
-23542 (base 7) to base 5
-143411
What is 100001000011110 (base 2) in base 12?
9966
Convert -1311 (base 8) to base 5.
-10323
Convert -1022222112 (base 3) to base 14.
-97b9
What is c26 (base 13) in base 7?
6002
2341 (base 5) to base 4
11122
Convert -5418 (base 9) to base 10.
-3986
Convert 55351 (base 6) to base 4.
1320103
Convert -11610 (base 12) to base 14.
-8712
What is 4a8 (base 14) in base 5?
12212
305 (base 11) to base 6
1412
6477 (base 9) to base 13
222a
-a9a (base 13) to base 11
-1402
Convert 2255 (base 6) to base 14.
2a7
What is -2e93 (base 15) in base 14?
-3930
-2b4b (base 12) to base 9
-6885
-3452 (base 6) to base 2
-1100111000
Convert -15610 (base 11) to base 10.
-22033
Convert 11320211 (base 4) to base 16.
5e25
Convert 92b5 (base 12) to base 13.
7370
Convert 31 (base 8) to base 5.
100
-10001101 (base 2) to base 3
-12020
-a4 (base 11) to base 10
-114
13117 (base 11) to base 16
4955
What is -4c1 (base 15) in base 5?
-13311
Convert -10130 (base 4) to base 11.
-239
Convert 55 (base 12) to base 5.
230
Convert 4fd3 (base 16) to base 6.
234335
Convert 1f3 (base 16) to base 12.
357
858 (base 14) to base 13
998
1c7a (base 15) to base 9
8437
Convert -22667 (base 12) to base 11.
-31511
-6b6 (base 14) to base 9
-1744
What is -3269 (base 13) in base 11?
-52a9
20321 (base 5) to base 14
6b6
Convert -187a (base 11) to base 15.
-a91
What is 15a3 (base 11) in base 4?
200001
Convert 1010010101101101 (base 2) to base 15.
c834
25571 (base 9) to base 11
11a4a
Convert 111010111 (base 3) to base 10.
9571
34426 (base 8) to base 9
22037
Convert 245644 (base 7) to base 10.
45259
What is -52351 (base 6) in base 8?
-15613
-5ab7 (base 16) to base 8
-55267
Convert 1493 (base 11) to base 13.
b46
Convert 11110011 (base 2) to base 7.
465
Convert -4641 (base 7) to base 15.
-780
Convert 2062 (base 7) to base 11.
604
-522 (base 8) to base 6
-1322
-2000130 (base 4) to base 3
-102021110
-3111 (base 6) to base 10
-691
Convert 23a5 (base 12) to base 9.
5448
What is -1111011011010 (base 2) in base 10?
-7898
Convert -a962 (base 13) to base 4.
-11300103
What is -5100 (base 6) in base 9?
-1470
What is -30 (base 4) in base 6?
-20
-e4 (base 15) to base 9
-257
Convert 102222 (base 4) to base 5.
14234
341 (base 14) to base 13
3a8
1253 (base 9) to base 4
32223
Convert 1717 (base 11) to base 5.
32241
Convert -460 (base 10) to base 13.
-295
Convert 13011 (base 5) to base 9.
1337
Convert 817 (base 14) to base 8.
3065
Convert -1527 (base 10) to base 13.
-906
Convert 400433 (base 6) to base 13.
11304
What is -11541 (base 8) in base 7?
-20315
What is 10833 (base 10) in base 13?
4c14
-37370 (base 8) to base 7
-64666
Convert 16413 (base 12) to base 2.
111101111001111
What is 40b (base 13) in base 5?
10222
Convert -51 (base 10) to base 9.
-56
Convert -301343 (base 5) to base 9.
-14144
What is 253 (base 10) in base 15?
11d
-d21 (base 14) to base 3
-10112110
Convert 375 (base 8) to base 5.
2003
Convert -c8 (base 16) to base 8.
-310
15431 (base 6) to base 8
4753
-23101 (base 6) to base 5
-101102
What is -1011101 (base 2) in base 12?
-79
What is -451a (base 12) in base 11?
-5829
What is -33003 (base 5) in base 13?
-1044
What is -123126 (base 7) in base 15?
-6adc
Convert -2034 (base 6) to base 14.
-246
-6825 (base 11) to base 2
-10001100010101
What is 300333 (base 5) in base 10?
9468
Convert -a0 (base 11) to base 3.
-11002
Convert 1001000111111 (base 2) to base 4.
1020333
What is 340 (base 7) in base 8?
257
What is -5a7d (base 16) in base 10?
-23165
Convert -21100121 (base 3) to base 2.
-1010011110010
-101020 (base 4) to base 8
-2110
2100110 (base 3) to base 12
ba9
16a2 (base 15) to base 7
20135
101111101101 (base 2) to base 4
233231
Convert 245 (base 10) to base 7.
500
What is -e40 (base 15) in base 4?
-302022
What is -14711 (base 11) in base 6?
-240224
What is e5e5 (base 15) in base 7?
261443
What is b8b8 (base 15) in base 9?
58562
What is -117 (base 15) in base 4?
-3313
10001100001 (base 2) to base 12
795
-1202211110 (base 3) to base 8
-104065
What is 10010120101 (base 3) in base 15?
13401
Convert 1111101011101 (base 2) to base 6.
101101
What is 8a (base 11) in base 10?
98
Convert -10101 (base 6) to base 9.
-1741
510 (base 12) to base 13
444
What is 7c6 (base 13) in base 11?
1013
a84 (base 11) to base 7
3540
What is 230233 (base 7) in base 12?
1b837
Convert 103215 (base 7) to base 6.
215030
Convert 16ab9 (base 13) to base 14.
11c53
Convert -30 (base 15) to base 2.
-101101
What is -201031 (base 5) in base 10?
-6391
What is -10577 (base 9) in base 16?
-1b7c
What is -495 (base 10) in base 12?
-353
Convert 620 (base 11) to base 4.
23230
What is 32143 (base 5) in base 12?
1311
f55a (base 16) to base 4
33111122
What is -201 (base 15) in base 13?
-289
111010000111 (base 2) to base 15
117e
353 (base 15) to b